s divided by 29582.
268
Calculate the remainder when 1706470 is divided by 100.
70
Calculate the remainder when 1358547 is divided by 3212.
3083
Calculate the remainder when 4452014 is divided by 163.
158
Calculate the remainder when 1561657 is divided by 86758.
13
What is the remainder when 3255 is divided by 2434?
821
Calculate the remainder when 1050532 is divided by 525213.
106
What is the remainder when 1049406 is divided by 223?
191
What is the remainder when 15858425 is divided by 13?
11
What is the remainder when 10433671 is divided by 12076?
7
What is the remainder when 28686812 is divided by 1792920?
92
Calculate the remainder when 7200390 is divided by 1800028.
278
Calculate the remainder when 3634406 is divided by 71262.
44
What is the remainder when 27661171 is divided by 1844077?
16
What is the remainder when 61611906 is divided by 293390?
6
Calculate the remainder when 2376286 is divided by 233.
152
What is the remainder when 85039 is divided by 7957?
5469
Calculate the remainder when 10139975 is divided by 2046.
2045
What is the remainder when 1282518687 is divided by 176?
175
Calculate the remainder when 426096 is divided by 922.
132
Calculate the remainder when 3947575 is divided by 1315771.
262
Calculate the remainder when 223924 is divided by 13.
12
What is the remainder when 1881354 is divided by 1881278?
76
Calculate the remainder when 37457 is divided by 1050.
707
What is the remainder when 848134 is divided by 134?
48
What is the remainder when 406356 is divided by 406018?
338
Calculate the remainder when 20919536 is divided by 665.
631
What is the remainder when 150846630 is divided by 59?
32
What is the remainder when 31427953 is divided by 1145?
1138
What is the remainder when 305798 is divided by 16093?
31
Calculate the remainder when 5886420 is divided by 3398.
1084
What is the remainder when 31407 is divided by 15508?
391
What is the remainder when 17356303 is divided by 3474?
199
What is the remainder when 372559 is divided by 123826?
1081
What is the remainder when 24020 is divided by 92?
8
Calculate the remainder when 13816013 is divided by 69080.
13
What is the remainder when 2903222 is divided by 17921?
20
Calculate the remainder when 91333 is divided by 85068.
6265
Calculate the remainder when 4579288 is divided by 34.
32
Calculate the remainder when 1606820 is divided by 112.
68
Calculate the remainder when 302193 is divided by 147014.
8165
Calculate the remainder when 5056099 is divided by 2159.
1880
What is the remainder when 1607557238 is divided by 2901?
2900
Calculate the remainder when 1071703 is divided by 6698.
23
What is the remainder when 543051 is divided by 133?
12
What is the remainder when 17662730 is divided by 127070?
0
Calculate the remainder when 92943 is divided by 30902.
237
What is the remainder when 90541653 is divided by 22?
15
What is the remainder when 158124205 is divided by 22589172?
1
Calculate the remainder when 2106756 is divided by 191.
26
Calculate the remainder when 4231692 is divided by 1653.
12
What is the remainder when 347625 is divided by 2414?
9
What is the remainder when 10728128 is divided by 2535?
8
Calculate the remainder when 9325817 is divided by 3108603.
8
Calculate the remainder when 13332525 is divided by 38.
35
What is the remainder when 52624 is divided by 26248?
128
Calculate the remainder when 690715 is divided by 246.
193
What is the remainder when 50807 is divided by 7254?
29
What is the remainder when 22375825 is divided by 146?
11
Calculate the remainder when 15182575 is divided by 83.
49
What is the remainder when 3192 is divided by 3183?
9
Calculate the remainder when 21805643 is divided by 1031.
1024
What is the remainder when 2096146 is divided by 698696?
58
What is the remainder when 15944574 is divided by 731?
2
What is the remainder when 1772578 is divided by 372?
370
What is the remainder when 638 is divided by 64?
62
What is the remainder when 2277954 is divided by 758916?
1206
Calculate the remainder when 5294667 is divided by 314.
313
Calculate the remainder when 740618 is divided by 370209.
200
Calculate the remainder when 6459525 is divided by 69457.
24
Calculate the remainder when 29586 is divided by 531.
381
What is the remainder when 35931593 is divided by 608?
9
What is the remainder when 2505 is divided by 1983?
522
What is the remainder when 189929 is divided by 23722?
153
Calculate the remainder when 64061 is divided by 298.
289
What is the remainder when 4975488 is divided by 142156?
28
Calculate the remainder when 15338 is divided by 3803.
126
What is the remainder when 6221431 is divided by 1526?
1455
What is the remainder when 6008417 is divided by 220?
217
Calculate the remainder when 190644 is divided by 224.
20
What is the remainder when 540459 is divided by 1322?
1083
What is the remainder when 224210 is divided by 2001?
98
What is the remainder when 52226 is divided by 1087?
50
What is the remainder when 28281 is divided by 3594?
3123
What is the remainder when 35568 is divided by 17569?
430
What is the remainder when 389334 is divided by 2341?
728
What is the remainder when 313074 is divided by 4535?
159
Calculate the remainder when 7354378 is divided by 12.
10
What is the remainder when 442157 is divided by 2722?
1193
Calculate the remainder when 286853 is divided by 95431.
560
What is the remainder when 8634972 is divided by 23150?
22
Calculate the remainder when 21942506 is divided by 28.
26
Calculate the remainder when 21688226 is divided by 417081.
14
Calculate the remainder when 3889856 is divided by 576.
128
What is the remainder when 16405865 is divided by 8202865?
135
Calculate the remainder when 778227 is divided by 259292.
351
Calculate the remainder when 1383964 is divided by 377.
374
What is the remainder when 7090158 is divided by 40?
38
What is the remainder when 25492288 is divided by 86?
82
Calculate the remainder when 77073387 is divided by 270.
267
What is the remainder when 129145062 is divided by 270?
12
What is the remainder when 21574718 is divided by 8?
6
Calculate the remainder when 9320300 is divided by 265.
250
What is the remainder when 692483 is divided by 229376?
4355
Calculate the remainder when 65499 is divided by 102.
15
What is the remainder when 2599696 is divided by 54?
28
What is the remainder when 6727547 is divided by 70?
57
What is the remainder when 1176524 is divided by 675?
674
Calculate the remainder when 65701553 is divided by 161.
29
Calculate the remainder when 10152846 is divided by 16.
14
What is the remainder when 296189 is divided by 37022?
13
Calculate the remainder when 482116 is divided by 3299.
462
Calculate the remainder when 5546 is divided by 1736.
338
Calculate the remainder when 19977 is divided by 19401.
576
Calculate the remainder when 226387 is divided by 222.
169
What is the remainder when 354382 is divided by 31?
21
What is the remainder when 295603 is divided by 7073?
5610
What is the remainder when 1612396 is divided by 402976?
492
What is the remainder when 3454381 is divided by 4?
1
What is the remainder when 3550948 is divided by 2529?
232
What is the remainder when 31583 is divided by 722?
537
Calculate the remainder when 24264 is divided by 258.
12
What is the remainder when 3977726 is divided by 1374?
1370
What is the remainder when 3317269 is divided by 5167?
55
What is the remainder when 193907 is divided by 2040?
107
What is the remainder when 133139 is divided by 18998?
153
Calculate the remainder when 148024 is divided by 5915.
149
Calculate the remainder when 79658 is divided by 19865.
198
Calculate the remainder when 14033 is divided by 61.
3
What is the remainder when 24443226 is divided by 29?
25
What is the remainder when 73808 is divided by 24558?
134
Calculate the remainder when 8671756 is divided by 154.
16
What is the remainder when 1671743 is divided by 197?
1
Calculate the remainder when 963043 is divided by 4607.
180
What is the remainder when 20222891 is divided by 2862?
2861
What is the remainder when 79239 is divided by 7195?
94
What is the remainder when 458162 is divided by 50751?
1403
What is the remainder when 33763782 is divided by 165?
162
What is the remainder when 45325091 is divided by 11331269?
15
Calculate the remai